ainder when b is divided by 3?
2
What is the remainder when 47 is divided by 25/(-20) + 101/4?
23
Let a(x) = -x**2 + 4*x - 3. Let q be a(4). What is the remainder when 26 is divided by (14/q)/((-15)/45)?
12
Let j be (-3)/(-3) - 1 - -2. Suppose -4 = -6*c + j*c, 3*u + 3*c - 27 = 0. Calculate the remainder when u is divided by 3.
2
Suppose 3*s - t = -3*t + 66, 5*t + 15 = 0. Let o(c) = 4*c - 8. Let x be o(6). Let p = x + -3. Calculate the remainder when s is divided by p.
11
Let k = -21 - -124. What is the remainder when k is divided by 38?
27
Suppose 11 + 4 = 3*u. Suppose 0 = -x - 0*x - u*s + 20, 4*s + 60 = 3*x. What is the remainder when 39 is divided by x?
19
Suppose -g + 23 = 4*a, -4*g - a = a - 22. Let k be ((-14)/(-8))/((-2)/8). Let z(r) = -r. What is the remainder when z(k) is divided by g?
1
Let p(r) = 2*r**3 + 15*r**2 - 9*r - 5. What is the remainder when 36 is divided by p(-8)?
0
Let x = 3 - -2. Let j = x - 10. Let h(w) = w**3 + 7*w**2 - 6. What is the remainder when h(j) is divided by 15?
14
Suppose 3*u - g = -6*g + 37, 2*u + 3*g - 24 = 0. Suppose -4*n = h - 56, 0*n = n - h - u. What is the remainder when 25 is divided by n?
12
Let g(f) = f**3 + 4*f**2 - 3*f - 4. Let o be g(-6). Let u = -40 - o. Let s = 52 + 1. Calculate the remainder when s is divided by u.
17
Suppose -7 + 31 = 4*u. Suppose 0 = -u*w + 3*w + 60. Let c = 23 + w. What is the remainder when c is divided by 15?
13
Let l = -4 + 7. Suppose 5 = -h - l. Let o = h + 12. What is the remainder when 5 is divided by o?
1
Let j be 12/(-15)*5*-1. Suppose 53 = j*y + 3*n + 2*n, 20 = 5*y - 3*n. What is the remainder when y is divided by 5?
2
Suppose 0 = 3*p - 5*l + 16, -3*p - 4*l = -6*p - 11. Suppose -p*f = -2*f - 5. What is the remainder when f is divided by 2?
1
Suppose -4*v + 3*v + 5 = 0. Let l = -2 - 2. Let m = 4 - l. Calculate the remainder when m is divided by v.
3
Let x(u) = u**2 + 4*u - 1. What is the remainder when (-402)/(-13) + (53/13 - 4) is divided by x(-6)?
9
Suppose 14*s = 4*s + 570. Calculate the remainder when s is divided by 15.
12
Suppose 8*b - 49 = 39. What is the remainder when 42 is divided by b?
9
Suppose 11*j + 0 - 396 = 0. Let i(p) = 2*p**2 - 6*p - 7. Suppose 0 = -2*q + 2 - 12, 5*x + 4*q = 5. Calculate the remainder when j is divided by i(x).
10
Suppose 4*q + 5*n - 182 = 0, n + 12 = q - 29. Calculate the remainder when q is divided by 22.
21
Let s be ((-2)/3)/(2/(-6)). Suppose -s*m - 16 = w, 2*w = 3*m + 1 + 2. Calculate the remainder when (-21)/w - 1/(-2) is divided by 3.
1
Let u = -9 - -14. What is the remainder when 9 is divided by u?
4
Let h = 853 - 813. Suppose 3*v + 42 = 6*v. What is the remainder when h is divided by v?
12
Let p(f) = -f**2 - 2*f + 19. Calculate the remainder when 75 is divided by p(0).
18
Let r(p) = -p**3 - 2*p**2 + 3*p - 13. What is the remainder when 186 is divided by r(-5)?
45
Let j be 24/14*(4 + 3). Let i = 44 - j. Let k = -20 + 31. What is the remainder when i is divided by k?
10
Let l(a) = -a**3 - 8*a**2 - 3*a - 6. Let d be l(-8). Let z = -8 + d. What is the remainder when z is divided by 4?
2
Suppose 6*o - 248 = -2*o. Calculate the remainder when o is divided by 11.
9
What is the remainder when (-696)/(-15) + 3 + (-2)/5 is divided by 13?
10
Let u(a) = 0 - 11 + 0*a - a**3 + 8*a**2 + 3*a. Suppose -16 - 9 = -5*d. What is the remainder when u(8) is divided by d?
3
Let f = 9 + -5. Suppose 0 = -i + 20 - f. Calculate the remainder when 46 is divided by i.
14
Let j(k) = 6*k + 50. Calculate the remainder when j(18) is divided by 27.
23
Suppose 3*j + 2*j - 80 = -2*t, -4*t + 188 = 3*j. What is the remainder when t is divided by 17?
16
Let f be (-3 + (2 - 3))/(-2). Suppose -f*u = -6*u + 96. What is the remainder when u is divided by 13?
11
Let t(c) = 7*c - 1. Calculate the remainder when 9 is divided by t(1).
3
Let m = -4 + 9. Suppose 5*t - m = 2*w, 0 = -2*w + t - 3 + 2. Suppose 0 = -q + 2 - w. Calculate the remainder when 4 is divided by q.
0
Let w(q) = 2*q - 2*q - 4*q + 4. Let h = -3 + -5. What is the remainder when w(h) is divided by 19?
17
Suppose -3*m + 2*m + 4 = 0, 0 = 2*h + 4*m - 22. Let q be (8/h)/((-6)/(-9)). Suppose -b - 27 = -q*b. What is the remainder when 26 is divided by b?
8
Let j(a) = a**3 - 5*a**2 + 5*a - 4. Let h be j(4). Suppose 0 = 3*i - h*i - 66. Suppose 2*o - 60 = -3*o. Calculate the remainder when i is divided by o.
10
Let n = 0 - -25. Calculate the remainder when n is divided by 7.
4
Suppose -2*s = -3*s + 10. Calculate the remainder when (68/(-10))/((-1)/s) is divided by 23.
22
What is the remainder when (-5)/((-10)/6) - (-36)/1 is divided by 21?
18
Suppose 0 = 3*h + 7 - 22. Suppose 2*a = h*a - 27. What is the remainder when 25 is divided by a?
7
Suppose j - 2*j = 3*i - 92, -j = -5*i - 132. What is the remainder when j is divided by 28?
23
Suppose -4*u + 3 + 19 = 5*q, 5*q = -u + 13. Suppose u*o = 2*o + 24. What is the remainder when 95 is divided by o?
23
Suppose 497 = 4*p - 3*g, -p - 21 + 137 = 2*g. What is the remainder when p is divided by 31?
29
Suppose 2*u = 3*u - 43. Let a = 64 - u. What is the remainder when 81 is divided by a?
18
Suppose -l - 4 = g + 2*g, -2*l - 4*g - 2 = 0. What is the remainder when 117/(-6)*(-6)/9 is divided by l?
3
Suppose -z + 43 = -60. Suppose 4*p - 138 = -0*p + h, 3*p = h + z. Calculate the remainder when p is divided by 12.
11
Let i(j) = 2*j**2 - 3 - 3*j**2 - 4*j + j - 5*j. Calculate the remainder when i(-6) is divided by 3.
0
Let l(j) = -8*j + 0*j - j. Let t be l(-1). What is the remainder when 31 is divided by 292/18 - 2/t?
15
Let z = -46 - -64. What is the remainder when 34 + (3 - 1) + -1 is divided by z?
17
Let l(m) = m**2 - 5*m + 0*m**2 + 2*m - 5. Suppose -3*p + 20 = -31. Calculate the remainder when l(-6) is divided by p.
15
Suppose 0 = 3*g + 5*v - 178, 3*v + 16 = -3*g + 196. Let s = 108 - g. What is the remainder when s is divided by 12?
11
Suppose 4*p + p + f - 410 = 0, -2*f - 10 = 0. What is the remainder when p is divided by 21?
20
Suppose 4 + 32 = 4*i. Suppose -5*o + 2*o = -4*a - 83, -5*o + 4*a = -149. What is the remainder when o is divided by i?
6
What is the remainder when 47 is divided by -10*((-21)/5 - -3)?
11
Let v(d) = 26*d**2. Suppose 4*g = -3*b - 11 - 0, -b - 5 = 2*g. What is the remainder when 77 is divided by v(b)?
25
Suppose 0 = 3*f + 5*x - 616, -f + 0*f - x = -208. Suppose -f = -5*m - 67. What is the remainder when m is divided by 16?
13
Suppose 31*c - 679 = 24*c. Calculate the remainder when c is divided by 17.
12
Let t = -5 + 59. Let n = 80 - t. Calculate the remainder when n is divided by 7.
5
Let g = 89 + -59. Calculate the remainder when 54 is divided by g.
24
Let w(n) = -n**3 - 6*n**2 - 8*n - 13. Let a = 12 - 6. Calculate the remainder when a is divided by w(-5).
0
Calculate the remainder when 97 is divided by (-4)/(32/10)*-20.
22
Let n(g) = 3*g - 3. Calculate the remainder when n(9) is divided by 9.
6
Calculate the remainder when (-4)/(-36)*3*132 is divided by 15.
14
Suppose 4*r + 18 = 74. Calculate the remainder when 2/(-7) + (-578)/(-14) is divided by r.
13
Let z(p) = 4*p - 20. Calculate the remainder when 5 is divided by z(6).
1
Suppose 5*p = 3*b - 1, 4*p - 46 = -5*b + 5. Calculate the remainder when 27 is divided by b.
6
Let v = 16 - 2. What is the remainder when 54 is divided by v?
12
Let v(b) = -5*b - 4. What is the remainder when v(-4) is divided by 6?
4
Let x(y) = -7*y + 7. What is the remainder when x(-6) is divided by 13?
10
Suppose -4*m = 2*f - 62, f + f - 3*m - 62 = 0. Calculate the remainder when f is divided by ((-80)/(-100))/(1/10).
7
Suppose -2*f + 4*g + 55 = -5*f, 0 = 4*f + 4*g + 76. Suppose -4*p = -a + 57, -2*p = a - 2*a + 29. Let c = p - f. What is the remainder when c is divided by 3?
1
Suppose -4*z - 4*t + 348 = -0*t, -485 = -5*z + 5*t. Suppose -2*q - 2*q = -z. Let n = q - 12. What is the remainder when 21 is divided by n?
10
Let z = 108 + -83. What is the remainder when z is divided by 10?
5
Let k = -21 - -44. What is the remainder when k is divided by 12?
11
Let j(w) = -4*w**3 + 3*w**2 + 3*w + 1. Calculate the remainder when 18 is divided by j(-1).
3
Let a = -45 - -96. What is the remainder when a is divided by 19?
13
Suppose 0 = 11*q - 567 - 819. What is the remainder when q is divided by 32?
30
Suppose -2*m - j - 95 = -6*m, 5*j -